etermine x(10).
-4
Let b(f) = f**3 - 3*f**2 - 3*f + 6. What is b(3)?
-3
Let u(t) = t**3 + 17*t**2 + 18*t + 18. Calculate u(-16).
-14
Let s(n) = 14*n**2 - 16*n + 15. Calculate s(1).
13
Let f(l) = -l**3 - 7*l**2 + 3*l + 16. Determine f(-6).
-38
Let n(b) = -4*b**2 + 3*b - 1. Determine n(3).
-28
Let s(o) = -3*o - 13. Calculate s(-7).
8
Let d(w) = -w**2 + 7*w + 19. What is d(7)?
19
Let k(v) = -2*v**2 - 13*v - 43. Calculate k(-6).
-37
Let d(z) = -7*z + 1. What is d(-4)?
29
Let v(p) = p**3 - p**2 + p + 2. Determine v(0).
2
Let o(f) = 2*f**3 - 28*f**2 + 81*f - 7. What is o(10)?
3
Let t(b) = -5*b**3 - 3*b**2 - 2*b - 4. Calculate t(-2).
28
Let c(n) = -n - 6. Determine c(-10).
4
Let m(u) = u**2 + 2*u + 2. Determine m(-2).
2
Let c(a) = 2*a**2 + 2*a - 8. Give c(-6).
52
Let m(t) = t**2 + 3*t - 8. Give m(-5).
2
Let j(v) = -20*v + 1. Determine j(1).
-19
Let u(k) = 16*k + 23. Calculate u(-6).
-73
Let g(i) = 11*i - 117. Give g(11).
4
Let u(v) = -v**2 + 3*v + 49. What is u(-8)?
-39
Let p(z) = 3*z - 5. Calculate p(-5).
-20
Let s(t) = 2*t**3 - 2*t**2 - t. Determine s(-1).
-3
Let b(i) = i**3 - 9*i**2 + 6*i - 8. Give b(8).
-24
Let a(v) = -v**3 + 36*v**2 - 37*v + 68. Calculate a(35).
-2
Let h(v) = -v**3 + 4*v**2 - 2*v - 3. Determine h(4).
-11
Let j(a) = -a**2 + 27*a - 31. Calculate j(26).
-5
Let l(u) = -3*u**2 + 22*u - 39. Determine l(7).
-32
Let d(n) = 5*n - 1. Determine d(1).
4
Let u(n) = -n**2 - 9*n + 41. Determine u(-19).
-149
Let m(q) = q**3 + 11*q**2 + 11*q + 7. Give m(-10).
-3
Let q(l) = -l**2 - 3*l + 2. What is q(1)?
-2
Let p(v) = -7*v**2 - 22*v - 2. Calculate p(-3).
1
Let k(y) = -y**3 + 8*y**2 - y - 7. Calculate k(9).
-97
Let a(q) = 7*q + 29. Give a(-4).
1
Let b(v) = -3*v - 7. What is b(-3)?
2
Let a(f) = -4*f + 108. What is a(23)?
16
Let h(p) = -p**2 - 9*p - 16. What is h(-7)?
-2
Let v(y) = -12*y - 7. What is v(7)?
-91
Let g(d) = 2*d**3 + 53*d**2 + 29*d + 55. Calculate g(-26).
-23
Let i(c) = -3*c**3 - 3*c**2 + 2*c - 6. What is i(-3)?
42
Let m(z) = 4*z + 20. Give m(7).
48
Let g(v) = 3*v**2 + 27*v - 3. Determine g(-9).
-3
Let b(t) = 5*t**2 - 2*t + 2. What is b(-2)?
26
Let i(f) = -f**2 + 8*f + 7. Give i(8).
7
Let m(v) = v**2 - 3*v - 19. Give m(8).
21
Let k(s) = 10*s**2 - 7*s - 9. Determine k(-4).
179
Let l(c) = -19*c**2 - 7*c + 10. What is l(3)?
-182
Let m(l) = -6*l - 2. Give m(-2).
10
Let q(u) = 116*u + 5. Determine q(0).
5
Let p(v) = -v**2 - 82*v - 3. Determine p(0).
-3
Let i(v) = v + 7. Give i(-4).
3
Let v(s) = -50*s**2 - 1. Give v(1).
-51
Let s(i) = i**3 - 14*i**2 - 15*i - 3. Give s(15).
-3
Let b(t) = -8*t + 10. Calculate b(-2).
26
Let p(i) = -2*i - 11. What is p(10)?
-31
Let s(a) = a**2 + 15*a - 65. Determine s(-18).
-11
Let b(l) = -l**3 - 5*l**2 + l - 14. Calculate b(-7).
77
Let k(u) = -u**2 + 10*u - 13. Determine k(10).
-13
Let o(m) = -12*m + 16. Calculate o(4).
-32
Let g(l) = -l**3 - 6*l**2 - 8*l + 4. Give g(-6).
52
Let f(h) = -8*h - 100. What is f(-14)?
12
Let f(c) = -16*c + 36. Determine f(1).
20
Let a(g) = g**2 + 11*g + 12. Determine a(-10).
2
Let i(c) = -c**2 + 2*c + 2. Calculate i(-3).
-13
Let i(y) = -14*y + 210. Calculate i(13).
28
Let d(z) = -85*z - 19. Give d(0).
-19
Let m(y) = 4*y**2 - 2*y. Give m(0).
0
Let n(q) = q**3 - q**2 - 5*q + 3. What is n(3)?
6
Let j(x) = -x**2 - 2*x - 1. Give j(2).
-9
Let h(d) = -19*d - 30. Determine h(-1).
-11
Let b(c) = 8*c - 90. Calculate b(13).
14
Let y(d) = d**2 - 57*d - 76. What is y(58)?
-18
Let a(v) = 3*v + 109. Determine a(-35).
4
Let m(i) = -5*i**3 - 3*i**2 - 2*i. Calculate m(-2).
32
Let t(h) = 6*h**3 + 2*h**2 + 4*h + 2. Determine t(-1).
-6
Let h(g) = 2*g**3 - g**2 + 7*g + 7. Give h(-1).
-3
Let r(f) = -5*f**3 - f**2 + f. Calculate r(1).
-5
Let b(p) = -3*p**3 - 5*p**2 + 19*p + 72. Give b(-3).
51
Let x(o) = o**3 - 8*o**2 + 13*o - 9. Calculate x(6).
-3
Let b(y) = -3*y**3 + 2*y. Determine b(-2).
20
Let z(g) = g**2 - 17*g + 28. Give z(14).
-14
Let i(y) = -2*y**3 + 9*y**2 - 6*y - 3. Calculate i(4).
-11
Let b(r) = -r**2 - r + 24. Determine b(4).
4
Let f(j) = j**3 + 2*j**2 - 3*j + 5. Determine f(3).
41
Let l(z) = z**3 - 13*z**2 - 28*z - 40. Give l(15).
-10
Let p(f) = f**2 - 11*f + 9. Give p(16).
89
Let n(j) = -24*j**2 + j + 2. What is n(-1)?
-23
Let s(h) = -h**2 - 8*h - 8. What is s(-5)?
7
Let y(l) = 21*l + 216. What is y(-10)?
6
Let u(s) = -22*s**3. What is u(-1)?
22
Let j(c) = 34*c**2 + 7*c - 7. Calculate j(1).
34
Let i(j) = 25*j - 1. Give i(1).
24
Let r(y) = -21*y + 22. Determine r(1).
1
Let t(c) = c**3 + 5*c**2 + c + 5. Give t(-4).
17
Let z(m) = -3*m**2 - 7*m - 3. Calculate z(0).
-3
Let i(n) = -n**3 + 19*n**2 + 3*n + 3. What is i(0)?
3
Let w(f) = -f**3 + 3*f**2 - f + 6. Determine w(3).
3
Let y(h) = 2*h**3 - 36*h**2 + 35*h - 22. What is y(17)?
-5
Let y(j) = -j**2 - 12*j + 4. Give y(-10).
24
Let h(i) = -2*i**3 + 3*i**2 - 3*i + 5. What is h(3)?
-31
Let n(g) = -17*g + 157. What is n(11)?
-30
Let l(p) = -2*p**3 - 4*p**2 - p + 1. What is l(-4)?
69
Let o(a) = -6*a**2 + a. Calculate o(1).
-5
Let j(b) = -21*b - 134. What is j(-7)?
13
Let h(c) = -3*c - 51. What is h(-19)?
6
Let n(l) = l**2 + 8*l + 2. Give n(-7).
-5
Let q(c) = -c**2 + 16*c - 8. Determine q(15).
7
Let g(q) = -q**3 + 2*q**2 - 4*q + 15. Give g(2).
7
Let d(h) = 2*h**3 - 7*h**2 + 5*h - 2. What is d(4)?
34
Let k(z) = -z**2 - 22*z + 9. Give k(-22).
9
Let z(d) = 4*d + 19. Calculate z(-14).
-37
Let x(i) = 2*i**2 + 37*i + 73. Determine x(-16).
-7
Let y(f) = -f**3 - 32*f**2 + 102*f - 48. Determine y(-35).
57
Let x(m) = -14*m - 84. Determine x(-6).
0
Let x(m) = 4*m - 43. Calculate x(0).
-43
Let f(p) = 78*p + 397. Calculate f(-5).
7
Let h(q) = -69*q + 682. Give h(10).
-8
Let v(z) = -z**3 - 5*z**2 + 7*z + 6. What is v(-6)?
0
Let h(z) = z - 14. Give h(8).
-6
Let g(r) = r**3 + 8*r**2 + 8*r + 5. Give g(-5).
40
Let w(j) = 2*j + 37. Calculate w(-16).
5
Let b(f) = f**3 - 2*f**2 - 2*f. What is b(-2)?
-12
Let j(m) = 6*m - 12. Determine j(-7).
-54
Let w(t) = 2*t - 25. Determine w(13).
1
Let g(s) = -33*s**2 + s + 4. Determine g(-1).
-30
Let n(y) = y + 10. Determine n(-9).
1
Let y(z) = -10*z + 10. Calculate y(1).
0
Let x(o) = o**3 - 9*o**2 - 11. Give x(9).
-11
Let g(n) = 2*n + 8. What is g(3)?
14
Let j(d) = 3*d - 4. Give j(-8).
-28
Let r(a) = a**2 - 19*a + 35. Give r(11).
-53
Let p(t) = -t**2 + 60*t - 890. Calculate p(28).
6
Let b(o) = o**3 + 17*o**2 - 21*o - 35. Give b(-18).
19
Let y(n) = -10*n**2 - 2*n + 1. What is y(-1)?
-7
Let c(x) = -x**2 - 6*x + 4. Give c(2).
-12
Let r(o) = -10*o. Give r(1).
-10
Let r(k) = -k**2 + 8*k + 25. What is r(10)?
5
Let u(w) = 2*w**2 + 16*w - 92. What is u(-12)?
4
Let y(a) = 48*a**2 + a - 1. What is y(1)?
48
Let c(j) = -j + 8. Determine c(-7).
15
Let d(f) = 2*f**3 + 2*f**2 + 3*f + 2. Determine d(-1).
-1
Let n(c) = c**3 + 7*c**2 + 4*c + 5. What is n(-4)?
37
Let g(j) = 2*j**2 - 14*j + 11. Give g(9).
47
Let o(v) = v**3 + 4*v**2 - 3*v - 5. Calculate o(-4).
7
Let b(m) = m**2 - 5*m - 93. Give b(-7).
-9
Let w(a) = -11*a + 12. Calculate w(5).
-43
Let o(i) = i**3 - 6*i**2 - 6*i + 13. Calculate o(4).
-43
Let z(h) = h**3 + 6*h**2 - 9*h + 7. Give z(-7).
21
Let b(y) = -y**3 + 6*y**2 + 5*y - 12. What is b(7)?
-26
Let a(k) = 3*k**2 - 65*k + 20. Determine a(21).
-22
Let x(t) = -t**3 - 15*t**2 - 10*t - 19. Calculate x(-13).
-227
Let c(y) = -2*y**3 + 11*y**2 + 2*y + 7. Determine c(6).
-17
Let m(r) = -r**2 + 9*r + 59. Give m(13).
7
Let u(z) = -33*z**2 + 4*z + 8. Determine u(-2).
-132
Let c(u) = -u**3 + 5*u**2 + 7*u + 53. Give c(7).
4
Let t(d) = -17*d**2 + 2*d + 6. Give t(-2).
-66
Let b(x) = -2*x**2 + 7. Determine b(2).
-1
Let a(t) = 3*t + 20. Calculate a(-18).
-34
Let x(u) = -u**3 + 8*u**2 + 9*u + 9. Determine x(9).
9
Let f(n) = -n + 1. What is f(-3)?
4
Let d(b) = b**3 + 20*b**2 + 21*b + 19. Calculate d(-19).
-19
Let z(b) = 4*b - 9. Give z(-6).
-33
Let r(i) = 80*i + 2. Determine r(-1).
-78
Let y(g) = -8*g - 16. Determine y(-1).
-8
Let t(c) = -13*c - 95. What is t(-6)?
-17
Let c(x) = -2*x - 14. Determine c(-8).
2
Let w(x) = x**3 + 4*x**2 - 7*x + 4. Give w(3).
46
Let h(w) = w**2 - 93*w + 520. Calculate h(6).
-2
Let y(t) = 8*t + 44. Calculate y(-4).
12
Let q(n) = -n**2 + 31*n + 176. Give q(36).
-4
Let l(z) = z**3 - 4*z**2 - 10*z - 7. Give l(6).
5
Let n(h) = -31*h + 427. Give n(14).
-7
Let w(p) = -p**3 - 2*p**2 + 10*p + 26. Give w(-3).
5
Let l(m) = m**3 + 6*m**2 - 2*m 